-1)/4). Let s be 12/1*m/12. Determine l(s).
-1
Suppose -5*g + 10 = -5*s, -2*g + 4 - 8 = 2*s. Suppose r - 5 = -p, g*r = -r + 5*p - 13. Let j(n) = 4 + r + 4*n - 3 - 1. What is j(2)?
10
Let d(b) = b**2 + 9*b - 2. Let w(g) = -2*g - 25. Let a be w(-8). Let p be d(a). Let j(l) = 4*l + 2. Determine j(p).
-6
Let t(v) = -2*v - 2. Let p = -85 + -45. Let u = -128 - p. Give t(u).
-6
Let v(q) be the first derivative of -q**2/2 - 6*q - 198. Give v(-7).
1
Let k(y) be the second derivative of -y**3/6 - 3*y**2/2 + 3*y. Suppose 6 = -16*w - 90. Calculate k(w).
3
Let i(m) = m**3 + m**2. Let u(s) be the first derivative of s**3/3 - 5*s**2/2 + 4*s - 25. Let d be u(3). Calculate i(d).
-4
Let i(n) = -4*n**3 - 25*n**2 + n + 1. Let y(r) = 3*r**3 + 17*r**2 - r - 1. Let h(g) = 5*i(g) + 7*y(g). What is h(7)?
33
Let c(m) = -m**3 + 4*m + 0*m**3 - 5*m + 14. Suppose -s - 5*d = -25, 0 = 3*s - 3*d - d + 20. What is c(s)?
14
Let j(d) = d + 2*d**2 - 5 + d**2 - 2*d**2. Let y be (-6 - -2)/((-4)/2). Let b be ((-3)/y + 1)*0. What is j(b)?
-5
Let p be 5 - (4 + -1) - 4. Let t(c) = -7*c**2 + 9*c + 1. Let w(n) = -2*n**2 + n. Let u(h) = -t(h) + 4*w(h). Determine u(p).
5
Let g(s) = -2*s**2 + 16*s - 43. Let y(i) = -2*i**2 + 17*i - 40. Let f(l) = -5*g(l) + 6*y(l). Give f(10).
-5
Let s(i) be the second derivative of -i**4 - 5*i**3/6 + 53*i. Let t be s(-1). Let z(b) = -3*b - 8. Calculate z(t).
13
Let d(y) be the third derivative of y**4/24 - 4*y**3/3 - y**2. Let q be 4/((-150)/20 + 8). Calculate d(q).
0
Let o be 4/14 + 8/(-28). Suppose o = -p + 5*p - 12. Let u(v) = -6*v**2 - 10*v + 13. Let z(s) = s**2 + s - 2. Let f(k) = -u(k) - 7*z(k). Calculate f(p).
1
Let i(j) = -4*j**2 + 8*j + 3. Let p(q) = 5*q**2 - 8*q - 3. Let x(o) = 6*i(o) + 5*p(o). Calculate x(-7).
-4
Let w(t) be the second derivative of 5*t**3/6 + t**2/2 + 8*t. Let j be w(-1). Let p(i) = 2*i**2 + 5*i - 3. Determine p(j).
9
Let a be (-2)/((-16)/42 + 18/27). Let i(o) = o**2 + 9*o - 5. Calculate i(a).
-19
Let y(u) = -17*u + 1. Suppose 0 = -61*x + 57*x - 4. Give y(x).
18
Let t be 5/((-10)/(-4) - 3). Let d = t - -10. Let f(q) = -1 + 5*q + d*q + 1 - 1. Calculate f(-1).
-6
Let z(s) = 14 + 14 + s - 33. Suppose f - 3 - 3 = 0. Let p be z(f). Let l(t) = t + 1. Determine l(p).
2
Suppose 17 = a - 2*x, 3*x = -a - 2*x - 4. Let k(n) = -n**2 + 8*n - a*n + 5*n**2. Determine k(2).
10
Suppose -33*i = 61 + 38. Let y(l) = -5*l - 6. Let a(j) = 4*j + 5. Let z(v) = 3*a(v) + 2*y(v). What is z(i)?
-3
Let p(g) = g + 24. Let o be p(-26). Let b(t) = -4*t**2 + 3*t + 1. What is b(o)?
-21
Let c(a) = -2*a - 15. Let u(h) = 2*h + 1. Let m be u(0). Let p be (2 - m - 11) + 16 + -16. Determine c(p).
5
Let u(q) = q - 7. Let k(x) = x. Let j(i) = 2*k(i) - u(i). Let z = 400 - 404. What is j(z)?
3
Let n be (5 - 6) + (-1 - 6). Let s be 9*(1 - n/(-12)). Let l(i) = -5*i + 2 + 0 + 11*i**2 - 10*i**2. Give l(s).
-4
Suppose 2*a - 3*a = -7. Let c(z) = -5 + 5 + 2 + a - z. Determine c(5).
4
Let m(u) = -6*u**2 + 1. Suppose -2*w + 5*y = 1 + 2, -5*w - 4*y + 9 = 0. Give m(w).
-5
Let x(c) be the first derivative of -6*c**2 - 2*c - 282. Calculate x(-1).
10
Let n(o) be the first derivative of 0*o - 1/2*o**2 - 10 - 1/4*o**4 + 2/3*o**3. Determine n(1).
0
Let s(j) = -200 - 5*j + 3*j**2 - 193 + 391. Determine s(4).
26
Let d(u) = 3*u - 21. Let c(j) = -5*j + 43. Let w(m) = 2*c(m) + 5*d(m). Determine w(4).
1
Suppose 3*y = -y + 8. Suppose -5*h - 4 - 1 = 0, -5*i - 2*h = y. Let f(u) = i + u + 5 + 5 - 2. Calculate f(-5).
3
Let k(z) = 3*z - 12 + 6 - 2 - 6*z + z. Calculate k(-6).
4
Let b(l) be the first derivative of l**4/6 - l**3/3 - 3*l**2/2 - 17*l + 3. Let k(f) be the first derivative of b(f). Calculate k(-2).
9
Let v = 10 - 7. Suppose s - v = -1. Let k(a) = 0*a**3 - a**3 - 13 + 2*a**s + 3*a + 15. Determine k(-2).
12
Let j = 5 - -5. Let s(m) = -j - 5*m + 4*m + 13. What is s(3)?
0
Let y(m) = -3798 + 7595 - m - 3807. Suppose -6*z + z = 0. What is y(z)?
-10
Let q(m) be the third derivative of -m**5/60 + m**4/24 + 4*m**3 - 3*m**2 + 25*m. What is q(0)?
24
Let d(f) = f**2 + 6*f - 4. Let j = 13 + -20. Give d(j).
3
Let q(f) be the third derivative of 1/60*f**5 + 2/3*f**3 + 0 + 1/4*f**4 + 0*f + f**2. Suppose t = 2, -4*k - 2 = 3*t + 4. What is q(k)?
-5
Let x(u) be the first derivative of u**4/4 - 7*u**3/3 - 4*u**2 + 7*u + 856. Let r(k) = 8*k. Let h be r(1). What is x(h)?
7
Let q be (-7)/(21/(-12))*(-54)/(-12). Suppose -6*w - 3*l = -9*w + q, -l + 9 = 4*w. Let f(u) = -u - 1. Calculate f(w).
-4
Suppose -38 = i + 2*i + c, 44 = -3*i + 5*c. Let u(l) = -l**3 - 14*l**2 - 13*l - 5. Give u(i).
-5
Let d(t) = -t**3 - 3*t**2 - t + 2. Let s be d(-2). Let k(q) be the first derivative of -1/2*q**2 - 1/3*q**3 - 6 + 1/4*q**4 + 3*q. What is k(s)?
3
Suppose 2*c - 3*f = -15, 5*c - f + 33 = 2*f. Let p(i) = i + 13. Determine p(c).
7
Let u(c) = -3*c + 0*c + 2*c. Let r(l) = 5*l**2 - l + 2. Let i be r(1). Suppose -5*b - 11 + i = 0. Give u(b).
1
Let y(m) be the second derivative of -1/6*m**3 + 1/2*m**2 + 0 - 9*m. Determine y(6).
-5
Let g(k) = 2*k + 8. Let f = 37 + -37. Let j be 17/(-85) + (-58)/10 + f. Calculate g(j).
-4
Let f be 16/2 + 44 + -44. Let b(r) = -r**3 + 8*r**2 - 4*r + 12. Determine b(f).
-20
Let i(a) = 20*a**2 + 17*a + 12. Let h(k) = -11*k**2 - 9*k - 6. Let w(l) = -11*h(l) - 6*i(l). Give w(5).
4
Let f(d) = -d**3 - d**2 - 2. Suppose -4*r = -2*m - 5*r + 7, -3*r = -9. Suppose -q - 3 = -3*n, 2*n + 0*n - m = -3*q. Let u be 1*(-2 + 2)/n. Give f(u).
-2
Suppose 6*d = 10*d - 8. Let i(w) = -19*w - w**3 + 17*w + 7 - 4*w**d - 5. Calculate i(-3).
-1
Let k(y) = 0*y - 7 + 3*y - y. Let m = -19 - -24. Calculate k(m).
3
Suppose -3*n - 2 = -4*b + 1, 4*b - 2*n = 2. Let c = 0 - -2. Let v(h) = 5 - c - h + 0 + 2*h. Calculate v(b).
3
Let s(g) = -3*g - 13. Let c be 86/(-10) + 470/(-50) + 10. Give s(c).
11
Let q be (2 + 12/(-10))*5. Let w(i) = 3*i**2 - i - 1. Let l be w(-1). Let p(d) = -5*d + 6*d - l*d + d. Calculate p(q).
-4
Let l(b) = b**2 - 4*b + 3. Let s = -46 + 30. Suppose -48 = 17*r - 23*r. Let u be (s/12)/(r/(-18)). Calculate l(u).
0
Let s(c) = -4*c - 2. Let n be (76/(-4) + 24)*(-1)/1. Determine s(n).
18
Suppose 5*g = 11 - 6. Let p(c) = 13*c**2 - 1. Determine p(g).
12
Let b(i) = -i + 16. Let h be 7/(-14) + 86/4. Let k be b(h). Let v(p) = -p**2 - 5*p - 5. Determine v(k).
-5
Let v(p) = 5*p**2 + 7*p - 9. Let z(j) = 9*j**2 + 13*j - 17. Let x(t) = 11*v(t) - 6*z(t). Let a = -108 - -111. What is x(a)?
9
Let h be 1 + -6*3/(-9). Let x(f) = -f + 0 - h - f + 2 - f**2. Let r = 2 - 5. Determine x(r).
-4
Let s(m) = 12*m - 10. Suppose 357*d - 62 = 295*d. Give s(d).
2
Let s(r) = -5*r**2 - 4*r - 2. Let v = -268 - -266. Give s(v).
-14
Suppose 3*r - 2*r + 76 = 3*j, 3*r + 12 = 0. Let n = 29 - j. Let k(l) = -l**3 + 4*l**2 + 4*l + 4. Determine k(n).
-1
Let s be 264/(-110)*5/(-2). Let w(n) be the first derivative of s*n + 4 + 3/2*n**2. Determine w(-4).
-6
Let t(s) = 2*s - 2. Let u be t(4). Suppose -4*y - 4 = 3*x - 2*y, 2*y = -x - 8. Let c(q) = -2*q + 5 + q**2 + q**3 - 6*q**2 - q - q**x. Calculate c(u).
-13
Let y(p) = p**3 + 19*p**2 + 5*p + 30. Let i be y(-19). Let v = -70 - i. Let j(k) = k**2 + 5*k - 1. Determine j(v).
-1
Let s(t) be the third derivative of 5*t**4/24 - 10*t**3/3 - 49*t**2 - 5. Determine s(6).
10
Let o(d) = -32*d**2 + 2 + 30*d**2 + d**2 + 3*d. Calculate o(5).
-8
Let j(b) be the second derivative of -b**4/12 - b**3/6 - 6*b**2 + 108*b. Determine j(0).
-12
Let x(z) = -z**2 - 64*z - 500. Let u be x(-9). Let p(k) = k**3 + 4*k**2 - 3*k + 8. Calculate p(u).
-2
Let b be (-138)/(-161) - 72/(-14). Let y(a) = a**3 - 6*a**2 + 3*a - 3. Give y(b).
15
Let d(l) = -59*l + 29*l + 29*l + 5 + l**3. Determine d(0).
5
Let r be 12/(-8)*(4/(-6) + 0). Let n(z) = 7*z + z**2 - 2*z - r - 2*z - 2*z. What is n(-2)?
1
Let g(u) = -11*u**3 + 7*u**2 + 7*u + 7. Let q(c) = -5*c**3 + 3*c**2 + 3*c + 3. Let w(m) = -3*g(m) + 7*q(m). Calculate w(-1).
2
Let p(i) = -3*i**2 + 10*i + 19. Let b be p(-2). Let h(k) = k**3 + 13*k**2 + k - 5. What is h(b)?
-18
Suppose 2 = h + 5. Let j(u) = -2*u**2 + 8*u - 1. Let w be j(4). Let z(g) = -g**2 - g. Let y(m) = 5*m**2 + 6*m + 4. Let a(d) = w*y(d) - 3*z(d). What is a(h)?
-13
Let m(t) = -6*t**2 + 7*t - 1. Let l(s) = 5*s**2 - 6*s + 1. Let o(v) = v**3 - 13*v**2 + 13*v - 19. Let g be o(12). Let z(a) = g*l(a) - 6*m(a). Give z(1).
0
Suppose 0*h - 24 = 2*h. Let 